{"id":61,"date":"2023-12-08T08:43:26","date_gmt":"2023-12-08T08:43:26","guid":{"rendered":"https:\/\/tehnickaskolamedvedja.edu.rs\/?page_id=61"},"modified":"2024-02-19T19:41:56","modified_gmt":"2024-02-19T19:41:56","slug":"obrazovni-profili","status":"publish","type":"page","link":"https:\/\/tehnickaskolamedvedja.edu.rs\/?page_id=61","title":{"rendered":"OBRAZOVNI PROFILI"},"content":{"rendered":"\n<div class=\"wp-block-query is-layout-flow wp-block-query-is-layout-flow\"><ul class=\"columns-3 wp-block-post-template is-layout-grid wp-container-core-post-template-is-layout-2fc57c17 wp-block-post-template-is-layout-grid\"><li class=\"wp-block-post post-207 post type-post status-publish format-standard hentry category-uncategorized\">\n\n<div class=\"wp-block-group\" style=\"padding-top:30px;padding-right:30px;padding-bottom:30px;padding-left:30px\"><div class=\"wp-block-group__inner-container is-layout-flow wp-block-group-is-layout-flow\"><h2 class=\"wp-block-post-title\"><a href=\"https:\/\/tehnickaskolamedvedja.edu.rs\/?p=207\" target=\"_self\" >Dostignu\u0107a mladih u Srbiji<\/a><\/h2>\n\n<div class=\"wp-block-post-excerpt\"><p class=\"wp-block-post-excerpt__excerpt\">11. i 12. februar &#8211; Organizacija Dostignu\u0107a mladih u Srbiji je i ove godine organizovala Nacionalno takmi\u010denje srednjo\u0161kolaca u preduzetni\u010dkim ve\u0161tinama koje se odr\u017ealo u Beogradu. Na\u0161a \u0161kola od 2009.godine u\u010destvuje u programu ove organizacije, a nastavnici koji sprovode ove aktivnosti su Nata\u0161a Fili\u0107 i Bogdan Vidi\u0107. Na ovogodi\u0161njem Nacionalnom takmi\u010denju u\u010destvovala je u\u010denica \u010detvrtog&hellip; <\/p><\/div>\n\n<div class=\"wp-block-post-date\"><time datetime=\"2025-04-28T10:05:16+00:00\">April 28, 2025<\/time><\/div><\/div><\/div>\n\n<\/li><li class=\"wp-block-post post-205 post type-post status-publish format-standard hentry category-uncategorized\">\n\n<div class=\"wp-block-group\" style=\"padding-top:30px;padding-right:30px;padding-bottom:30px;padding-left:30px\"><div class=\"wp-block-group__inner-container is-layout-flow wp-block-group-is-layout-flow\"><h2 class=\"wp-block-post-title\"><a href=\"https:\/\/tehnickaskolamedvedja.edu.rs\/?p=205\" target=\"_self\" >Dodela u\u010deni\u010dkih stipendija op\u0161tine Medve\u0111a 2025\/2026<\/a><\/h2>\n\n<div class=\"wp-block-post-excerpt\"><p class=\"wp-block-post-excerpt__excerpt\">Op\u0161tina Medve\u0111a je dodelila stipendije u\u010denicima srednjih \u0161kola za \u0161kolsku godinu 2025\/2026. Na konkurs se prijavilo 75 u\u010denika, od kojih je 73 ispunilo uslove. Slu\u017eba Koordinacionog tela Vlade Republike Srbije za op\u0161tine Pre\u0161evo, Bujanovac i Medve\u0111u, je za potrebe stipendiranja u\u010denika sa teritorije op\u0161tine Medve\u0111a, opredelila sredstva za 32 stipendije. \u010cestitamo svim stipendistima na odli\u010dnom&hellip; <\/p><\/div>\n\n<div class=\"wp-block-post-date\"><time datetime=\"2025-04-28T10:05:16+00:00\">April 28, 2025<\/time><\/div><\/div><\/div>\n\n<\/li><li class=\"wp-block-post post-99 post type-post status-publish format-standard hentry category-uncategorized\">\n\n<div class=\"wp-block-group\" style=\"padding-top:30px;padding-right:30px;padding-bottom:30px;padding-left:30px\"><div class=\"wp-block-group__inner-container is-layout-flow wp-block-group-is-layout-flow\"><h2 class=\"wp-block-post-title\"><a href=\"https:\/\/tehnickaskolamedvedja.edu.rs\/?p=99\" target=\"_self\" >Voza\u010d motornih vozila \u2013 Tre\u0107i stepen obrazovanja<\/a><\/h2>\n\n<div class=\"wp-block-post-excerpt\"><p class=\"wp-block-post-excerpt__excerpt\">Voza\u010d motornih vozila&nbsp;vr\u0161i prevoz putnika i robe, upravljaju\u0107i razli\u010ditim motornim vozilima. Upoznat je sa pravilima o regulisanju saobra\u0107aja i bezbednosti na putu, poznaje osnove transportnog prava, saobra\u0107ajne psihologije i u toku je sa informacijama o stanju na putevima, ulicama i parkirali\u0161tima. Voza\u010d motornih vozila je zadu\u017een za odr\u017eavanje vozila i otklanjanje kvarova, dobijanje svih potrebnih&hellip; <\/p><\/div>\n\n<div class=\"wp-block-post-date\"><time datetime=\"2024-02-19T19:43:37+00:00\">February 19, 2024<\/time><\/div><\/div><\/div>\n\n<\/li><\/ul><\/div>\n","protected":false},"excerpt":{"rendered":"","protected":false},"author":1,"featured_media":0,"parent":0,"menu_order":0,"comment_status":"closed","ping_status":"closed","template":"","meta":{"_regular_price":[],"currency_symbol":[],"_monsterinsights_skip_tracking":false,"_monsterinsights_sitenote_active":false,"_monsterinsights_sitenote_note":"","_monsterinsights_sitenote_category":0,"footnotes":""},"class_list":["post-61","page","type-page","status-publish","hentry"],"aioseo_notices":[],"post_slider_layout_featured_media_urls":{"thumbnail":"","post_slider_layout_landscape_large":"","post_slider_layout_portrait_large":"","post_slider_layout_square_large":"","post_slider_layout_landscape":"","post_slider_layout_portrait":"","post_slider_layout_square":"","full":""},"_links":{"self":[{"href":"https:\/\/tehnickaskolamedvedja.edu.rs\/index.php?rest_route=\/wp\/v2\/pages\/61","targetHints":{"allow":["GET"]}}],"collection":[{"href":"https:\/\/tehnickaskolamedvedja.edu.rs\/index.php?rest_route=\/wp\/v2\/pages"}],"about":[{"href":"https:\/\/tehnickaskolamedvedja.edu.rs\/index.php?rest_route=\/wp\/v2\/types\/page"}],"author":[{"embeddable":true,"href":"https:\/\/tehnickaskolamedvedja.edu.rs\/index.php?rest_route=\/wp\/v2\/users\/1"}],"replies":[{"embeddable":true,"href":"https:\/\/tehnickaskolamedvedja.edu.rs\/index.php?rest_route=%2Fwp%2Fv2%2Fcomments&post=61"}],"version-history":[{"count":5,"href":"https:\/\/tehnickaskolamedvedja.edu.rs\/index.php?rest_route=\/wp\/v2\/pages\/61\/revisions"}],"predecessor-version":[{"id":196,"href":"https:\/\/tehnickaskolamedvedja.edu.rs\/index.php?rest_route=\/wp\/v2\/pages\/61\/revisions\/196"}],"wp:attachment":[{"href":"https:\/\/tehnickaskolamedvedja.edu.rs\/index.php?rest_route=%2Fwp%2Fv2%2Fmedia&parent=61"}],"curies":[{"name":"wp","href":"https:\/\/api.w.org\/{rel}","templated":true}]}}